{"id":43,"date":"2014-07-29T17:56:18","date_gmt":"2014-07-29T17:56:18","guid":{"rendered":"http:\/\/www.avqmr.org\/?page_id=43"},"modified":"2024-12-05T16:16:04","modified_gmt":"2024-12-05T16:16:04","slug":"paru-dans-les-medias","status":"publish","type":"page","link":"http:\/\/www.avqmr.org\/?page_id=43","title":{"rendered":"Paru dans les m\u00e9dias"},"content":{"rendered":"<p><strong>Saint-Hyacinthe lance un programme de st\u00e9rilisation des chats errants NOV. 2024<\/strong><\/p>\n<p><a href=\"https:\/\/www.radio-acton.com\/saint-hyacinthe-lance-un-programme-de-sterilisation-des-chats-errants\/\">https:\/\/www.radio-acton.com\/saint-hyacinthe-lance-un-programme-de-sterilisation-des-chats-errants\/<\/a><\/p>\n<blockquote class=\"wp-embedded-content\" data-secret=\"wXTSCONnjh\"><p><a href=\"https:\/\/lecourrier.qc.ca\/saint-hyacinthe-implante-un-programme-de-sterilisation-des-chats-errants\/\">Saint-Hyacinthe implante un programme de st\u00e9rilisation des chats errants<\/a><\/p><\/blockquote>\n<p><iframe loading=\"lazy\" class=\"wp-embedded-content\" sandbox=\"allow-scripts\" security=\"restricted\" style=\"position: absolute; visibility: hidden;\" title=\"&laquo; Saint-Hyacinthe implante un programme de st\u00e9rilisation des chats errants &raquo; &#8212; Le Courrier de Saint-Hyacinthe\" src=\"https:\/\/lecourrier.qc.ca\/saint-hyacinthe-implante-un-programme-de-sterilisation-des-chats-errants\/embed\/#?secret=VvD51X0gHw#?secret=wXTSCONnjh\" data-secret=\"wXTSCONnjh\" width=\"600\" height=\"338\" frameborder=\"0\" marginwidth=\"0\" marginheight=\"0\" scrolling=\"no\"><\/iframe><\/p>\n<p><strong><span style=\"color: #33cccc;\">4 d\u00e9cembre 2015 : Adoption loi 54<\/span><\/strong><\/p>\n<p class=\"_6a _6b\"><strong>Qu\u00e9bec adopte une loi pour le bien \u00eatre et la protection des animaux\u00a0<\/strong><\/p>\n<p><a href=\"http:\/\/www.lapresse.ca\/actualites\/politique\/politique-quebecoise\/201512\/04\/01-4927956-quebec-adopte-une-loi-pour-le-bien-etre-et-la-protection-des-animaux.php\">http:\/\/www.lapresse.ca\/actualites\/politique\/politique-quebecoise\/201512\/04\/01-4927956-quebec-adopte-une-loi-pour-le-bien-etre-et-la-protection-des-animaux.php<\/a><\/p>\n<p><span style=\"color: #33cccc;\"><strong>14 septembre 2015<\/strong><\/span><\/p>\n<p>S\u00e9ance de la commission ; Audition Ordre des m\u00e9decins v\u00e9t\u00e9rinaires du Quebec \u00a0Projet de Loi no. 54 &#8211; Consultation . Loi visant l&rsquo;am\u00e9lioration de la situation juridique de l&rsquo;animal.<\/p>\n<p><a href=\"http:\/\/www.assnat.qc.ca\/fr\/video-audio\/archives-parlementaires\/travaux-commissions\/AudioVideo-60969.html\">http:\/\/www.assnat.qc.ca\/fr\/video-audio\/archives-parlementaires\/travaux-commissions\/AudioVideo-60969.html<\/a><\/p>\n<p><strong><span style=\"color: #33cccc;\">20 f\u00e9vrier 2013<\/span><\/strong><\/p>\n<p><strong><em>Lettre AVQMR \u00e0 l\u2019adresse de l\u2019Association des m\u00e9decins v\u00e9t\u00e9rinaires du Qu\u00e9bec en pratique des petits animaux : St\u00e9rilisation animale Qu\u00e9bec<\/em><\/strong><\/p>\n<p><a href=\"http:\/\/www.sterilisationanimalequebec.info\/lettres-de-felicitations\/lettre-de-la-presidente-de-l-avqmr\/\">www.sterilisationanimalequebec.info\/lettres-de-felicitations\/lettre-de-la-presidente-de-l-avqmr\/<\/a><\/p>\n","protected":false},"excerpt":{"rendered":"<p>Saint-Hyacinthe lance un programme de st\u00e9rilisation des chats errants NOV. 2024 https:\/\/www.radio-acton.com\/saint-hyacinthe-lance-un-programme-de-sterilisation-des-chats-errants\/ Saint-Hyacinthe implante un programme de st\u00e9rilisation des chats errants 4 d\u00e9cembre 2015 : Adoption loi 54 Qu\u00e9bec adopte une loi pour le bien \u00eatre et la protection des animaux\u00a0 http:\/\/www.lapresse.ca\/actualites\/politique\/politique-quebecoise\/201512\/04\/01-4927956-quebec-adopte-une-loi-pour-le-bien-etre-et-la-protection-des-animaux.php 14 septembre 2015 S\u00e9ance de la commission ; Audition Ordre des m\u00e9decins v\u00e9t\u00e9rinaires [&hellip;]<\/p>\n","protected":false},"author":2,"featured_media":0,"parent":0,"menu_order":0,"comment_status":"closed","ping_status":"closed","template":"","meta":{"footnotes":""},"class_list":["post-43","page","type-page","status-publish","hentry"],"_links":{"self":[{"href":"http:\/\/www.avqmr.org\/index.php?rest_route=\/wp\/v2\/pages\/43","targetHints":{"allow":["GET"]}}],"collection":[{"href":"http:\/\/www.avqmr.org\/index.php?rest_route=\/wp\/v2\/pages"}],"about":[{"href":"http:\/\/www.avqmr.org\/index.php?rest_route=\/wp\/v2\/types\/page"}],"author":[{"embeddable":true,"href":"http:\/\/www.avqmr.org\/index.php?rest_route=\/wp\/v2\/users\/2"}],"replies":[{"embeddable":true,"href":"http:\/\/www.avqmr.org\/index.php?rest_route=%2Fwp%2Fv2%2Fcomments&post=43"}],"version-history":[{"count":10,"href":"http:\/\/www.avqmr.org\/index.php?rest_route=\/wp\/v2\/pages\/43\/revisions"}],"predecessor-version":[{"id":1940,"href":"http:\/\/www.avqmr.org\/index.php?rest_route=\/wp\/v2\/pages\/43\/revisions\/1940"}],"wp:attachment":[{"href":"http:\/\/www.avqmr.org\/index.php?rest_route=%2Fwp%2Fv2%2Fmedia&parent=43"}],"curies":[{"name":"wp","href":"https:\/\/api.w.org\/{rel}","templated":true}]}}