{"id":24,"date":"2014-07-29T17:52:47","date_gmt":"2014-07-29T17:52:47","guid":{"rendered":"http:\/\/www.avqmr.org\/?page_id=24"},"modified":"2017-11-08T00:02:28","modified_gmt":"2017-11-08T00:02:28","slug":"mission","status":"publish","type":"page","link":"http:\/\/www.avqmr.org\/?page_id=24","title":{"rendered":"Mission"},"content":{"rendered":"<p>&nbsp;<\/p>\n<h5 style=\"text-align: left;\"><strong>Notre mission :<\/strong><\/h5>\n<p><em>Faire avancer et soutenir la m\u00e9decine v\u00e9t\u00e9rinaire de refuge dans le but d\u2019am\u00e9liorer le bien-\u00eatre des animaux et leur int\u00e9gration dans la communaut\u00e9.<\/em><\/p>\n<h5><strong>Notre vision :<\/strong><\/h5>\n<p><em>\u00catre la r\u00e9f\u00e9rence au Qu\u00e9bec en m\u00e9decine v\u00e9t\u00e9rinaire de refuge, et ainsi favoriser l\u2019implantation des meilleures pratiques.<\/em><\/p>\n<h5><\/h5>\n<h5><strong>Nos valeurs:<\/strong><\/h5>\n<p><strong>Professionnalisme :<\/strong> <em>L\u2019AVQMR est une association constitu\u00e9e de professionnels qualifi\u00e9s en m\u00e9decine v\u00e9t\u00e9rinaire. Nous soutenons un travail structur\u00e9, respectueux et de qualit\u00e9.<\/em><\/p>\n<p><strong>Bien-\u00eatre animal :<\/strong> <em>\u00c9l\u00e9ments centraux de sa mission, la promotion et l\u2019am\u00e9lioration du bien-\u00eatre animal sont intrins\u00e8ques aux actions de l\u2019AVQMR. Consciente des probl\u00e8mes li\u00e9s aux nombreux animaux non d\u00e9sir\u00e9s, \u00e0 la maltraitance animale et \u00e0 la cruaut\u00e9 envers les animaux, l\u2019AVMQR soutient les efforts permettant la saine cohabitation entre les humains et les animaux.<\/em><\/p>\n<p><strong>Engagement :<\/strong> <em>L\u2019AVQMR valorise la participation active des acteurs interpell\u00e9s par le domaine animalier dans l\u2019objectif d\u2019accro\u00eetre les ressources disponibles aux changements ayant des impacts positifs pour les animaux et la soci\u00e9t\u00e9.<\/em><\/p>\n<p><strong>Objectivit\u00e9 :<\/strong> <em>Notre domaine d\u2019action est hautement influenc\u00e9 par l\u2019\u00e9motivit\u00e9. Certaines interpr\u00e9tations et courants de pens\u00e9es peuvent ainsi reposer sur la subjectivit\u00e9 et l\u2019anecdote. L\u2019AVQMR poursuit des actions bas\u00e9es sur des faits d\u00e9montrables objectivement et sur des d\u00e9marches rationnelles et scientifiques.<\/em><\/p>\n<p><strong>Coh\u00e9sion :<\/strong> <em>L\u2019am\u00e9lioration du sort des animaux n\u00e9cessite la synergie solidaire et collaborative de tous les acteurs de la communaut\u00e9. L\u2019AVQMR valorise ainsi la liaison et l\u2019addition des forces du milieu animalier.<\/em><\/p>\n<h5><\/h5>\n<h5><strong>Nos lettres patentes :<\/strong><\/h5>\n<ul>\n<li>Promouvoir l&rsquo;avancement de la m\u00e9decine de population d&rsquo;animaux de compagnie par le d\u00e9veloppement de lignes directrices sur divers sujets incluant la r\u00e9gie des refuges et d&rsquo;\u00e9levages, les cliniques et les programmes de st\u00e9rilisation, les m\u00e9thodes d&rsquo;euthanasie, la pr\u00e9vention des zoonoses et le bien-\u00eatre animal;<\/li>\n<li>Valoriser la pratique de la m\u00e9decine v\u00e9t\u00e9rinaire de population dans le secteur des animaux de compagnie et favoriser le r\u00e9seautage des m\u00e9decins v\u00e9t\u00e9rinaires qui y exercent ou y sont int\u00e9ress\u00e9s;<\/li>\n<li>Prendre position sur divers sujets touchant le bien-\u00eatre, la s\u00e9curit\u00e9 et la sant\u00e9 des animaux de compagnie vivant en colonie ou errants, h\u00e9berg\u00e9s en refuge ou en \u00e9levage;<\/li>\n<li>Agir comme ressource pour la formation continue ayant trait \u00e0 la m\u00e9decine de population d&rsquo;animaux de compagnie et aupr\u00e8s du public, du secteur de la protection animale, de l&rsquo;industrie des animaux de compagnie et des diverses instances gouvernementales:<\/li>\n<li>D\u00e9velopper un groupe et des m\u00e9canismes d&rsquo;intervention permettant d&rsquo;agir efficacement face aux situations d&rsquo;urgence impliquant des animaux de compagnie (d\u00e9sastres, saisies, etc.);<\/li>\n<\/ul>\n<p>Le tout, sans exclusion de toute autre activit\u00e9 visant la protection et le bien-\u00eatre des animaux.<\/p>\n<p><em>Source: Extrait des lettres patentes AVQMR<\/em><\/p>\n","protected":false},"excerpt":{"rendered":"<p>&nbsp; Notre mission : Faire avancer et soutenir la m\u00e9decine v\u00e9t\u00e9rinaire de refuge dans le but d\u2019am\u00e9liorer le bien-\u00eatre des animaux et leur int\u00e9gration dans la communaut\u00e9. Notre vision : \u00catre la r\u00e9f\u00e9rence au Qu\u00e9bec en m\u00e9decine v\u00e9t\u00e9rinaire de refuge, et ainsi favoriser l\u2019implantation des meilleures pratiques. Nos valeurs: Professionnalisme : L\u2019AVQMR est une association [&hellip;]<\/p>\n","protected":false},"author":2,"featured_media":0,"parent":0,"menu_order":0,"comment_status":"closed","ping_status":"closed","template":"","meta":{"footnotes":""},"class_list":["post-24","page","type-page","status-publish","hentry"],"_links":{"self":[{"href":"http:\/\/www.avqmr.org\/index.php?rest_route=\/wp\/v2\/pages\/24","targetHints":{"allow":["GET"]}}],"collection":[{"href":"http:\/\/www.avqmr.org\/index.php?rest_route=\/wp\/v2\/pages"}],"about":[{"href":"http:\/\/www.avqmr.org\/index.php?rest_route=\/wp\/v2\/types\/page"}],"author":[{"embeddable":true,"href":"http:\/\/www.avqmr.org\/index.php?rest_route=\/wp\/v2\/users\/2"}],"replies":[{"embeddable":true,"href":"http:\/\/www.avqmr.org\/index.php?rest_route=%2Fwp%2Fv2%2Fcomments&post=24"}],"version-history":[{"count":10,"href":"http:\/\/www.avqmr.org\/index.php?rest_route=\/wp\/v2\/pages\/24\/revisions"}],"predecessor-version":[{"id":1260,"href":"http:\/\/www.avqmr.org\/index.php?rest_route=\/wp\/v2\/pages\/24\/revisions\/1260"}],"wp:attachment":[{"href":"http:\/\/www.avqmr.org\/index.php?rest_route=%2Fwp%2Fv2%2Fmedia&parent=24"}],"curies":[{"name":"wp","href":"https:\/\/api.w.org\/{rel}","templated":true}]}}