{"id":22,"date":"2014-07-29T17:52:32","date_gmt":"2014-07-29T17:52:32","guid":{"rendered":"http:\/\/www.avqmr.org\/?page_id=22"},"modified":"2015-12-13T20:51:40","modified_gmt":"2015-12-13T20:51:40","slug":"historique","status":"publish","type":"page","link":"http:\/\/www.avqmr.org\/?page_id=22","title":{"rendered":"Historique"},"content":{"rendered":"<p>C\u2019est lors du premier colloque qu\u00e9b\u00e9cois de gestion de refuge organis\u00e9 en 2011 par l\u2019Association des m\u00e9decins v\u00e9t\u00e9rinaires du Qu\u00e9bec en pratique des petits animaux (AMVQ), quelques jours apr\u00e8s un scandale m\u00e9diatique portant sur les activit\u00e9s d\u2019une fourri\u00e8re municipale, qu\u2019un appel au regroupement de m\u00e9decins v\u00e9t\u00e9rinaires \u0153uvrant ou int\u00e9ress\u00e9s \u00e0 la m\u00e9decine de refuge a \u00e9t\u00e9 lanc\u00e9.<\/p>\n<p>Apr\u00e8s quelques rencontres pr\u00e9paratoires de r\u00e9flexion et d\u2019\u00e9tude du milieu, l\u2019id\u00e9e de cr\u00e9er une nouvelle association v\u00e9t\u00e9rinaire s\u2019est vite impos\u00e9e. Les membres fondateurs ont aussit\u00f4t entam\u00e9 les d\u00e9marches n\u00e9cessaires au d\u00e9marrage de cette nouvelle entit\u00e9. C&rsquo;est ainsi que le 24 janvier 2012, l\u2019Association v\u00e9t\u00e9rinaire qu\u00e9b\u00e9cois de m\u00e9decine de refuge (AMVQR) fut fond\u00e9e.<\/p>\n<p><strong>Demeurant un jeune organisme, les d\u00e9fis et les projets sont tr\u00e8s nombreux. Au cours de ses premi\u00e8res ann\u00e9es, l\u2019AVQMR a proc\u00e9d\u00e9 \u00e0 la constitution de comit\u00e9s permanents et \u00e0 l\u2019organisation de son premier colloque en m\u00e9decine de refuge. Beaucoup de projets sont \u00e0 venir!<\/strong><\/p>\n","protected":false},"excerpt":{"rendered":"<p>C\u2019est lors du premier colloque qu\u00e9b\u00e9cois de gestion de refuge organis\u00e9 en 2011 par l\u2019Association des m\u00e9decins v\u00e9t\u00e9rinaires du Qu\u00e9bec en pratique des petits animaux (AMVQ), quelques jours apr\u00e8s un scandale m\u00e9diatique portant sur les activit\u00e9s d\u2019une fourri\u00e8re municipale, qu\u2019un appel au regroupement de m\u00e9decins v\u00e9t\u00e9rinaires \u0153uvrant ou int\u00e9ress\u00e9s \u00e0 la m\u00e9decine de refuge a [&hellip;]<\/p>\n","protected":false},"author":2,"featured_media":0,"parent":0,"menu_order":0,"comment_status":"closed","ping_status":"closed","template":"","meta":{"footnotes":""},"class_list":["post-22","page","type-page","status-publish","hentry"],"_links":{"self":[{"href":"http:\/\/www.avqmr.org\/index.php?rest_route=\/wp\/v2\/pages\/22","targetHints":{"allow":["GET"]}}],"collection":[{"href":"http:\/\/www.avqmr.org\/index.php?rest_route=\/wp\/v2\/pages"}],"about":[{"href":"http:\/\/www.avqmr.org\/index.php?rest_route=\/wp\/v2\/types\/page"}],"author":[{"embeddable":true,"href":"http:\/\/www.avqmr.org\/index.php?rest_route=\/wp\/v2\/users\/2"}],"replies":[{"embeddable":true,"href":"http:\/\/www.avqmr.org\/index.php?rest_route=%2Fwp%2Fv2%2Fcomments&post=22"}],"version-history":[{"count":8,"href":"http:\/\/www.avqmr.org\/index.php?rest_route=\/wp\/v2\/pages\/22\/revisions"}],"predecessor-version":[{"id":722,"href":"http:\/\/www.avqmr.org\/index.php?rest_route=\/wp\/v2\/pages\/22\/revisions\/722"}],"wp:attachment":[{"href":"http:\/\/www.avqmr.org\/index.php?rest_route=%2Fwp%2Fv2%2Fmedia&parent=22"}],"curies":[{"name":"wp","href":"https:\/\/api.w.org\/{rel}","templated":true}]}}